 be the third derivative of -x**5/60 - x**4/6 - x**3/6 + x**2. Let g(o) = o + 8. Let v be g(-8). Suppose 3*h - h + 10 = v. Determine j(h).
-6
Suppose -3*r - 2*r + 35 = 0. Suppose 2*k = f + r, -3*k - 2*k = -5*f - 10. Let p(i) = i + 2. What is p(f)?
5
Let i be (2/4)/((-2)/(-8)). Let c(h) = -h**2 - 5*h + 3. Let o(t) = 2*t**2 + 8*t - 5. Let n(k) = -5*c(k) - 3*o(k). Give n(i).
-2
Suppose 4*u = -2 - 2. Let m(p) be the first derivative of 3*p**4/2 + p - 184. Calculate m(u).
-5
Let v(i) be the third derivative of 0*i + 0*i**3 - 1/2*i**4 + 0 - 2*i**2. Give v(1).
-12
Let o(g) be the first derivative of g**2/2 + 4*g + 2. Let q be o(-4). Suppose w + 7 - 6 = q. Let f(j) = 2*j + 1. What is f(w)?
-1
Let u(p) be the second derivative of -5*p**3/3 - p**2/2 - 11*p. Determine u(-1).
9
Let b(q) = -6*q**2 + q + 13. Let s(m) = m**2 - 1. Let x(r) = -b(r) - 5*s(r). Let t = 4 + 0. Suppose k + 1 = t*j - 2, -15 = j + 5*k. What is x(j)?
-8
Let y(x) = x**2 - 5*x - 7. Let z(q) be the third derivative of q**5/60 + q**4/3 + 5*q**3/6 + q**2. Let n be z(-8). Give y(n).
-7
Let d be (-4)/(-6) - 24/(-18). Suppose -4 = o - d. Let u be (4 - 0) + 0/o. Let m(t) = t**2 - 3*t - 5. Calculate m(u).
-1
Let r(f) = f**3 - 8*f**2 + 6*f - 2. Let i = 34 - 27. Determine r(i).
-9
Let f(y) = -3*y**2 + 15 - 4*y + 4*y**2 - 10. Calculate f(6).
17
Let b(s) = 4*s**2 - 4*s + 3. Suppose 0 = 3*p + 5*p - 16. Determine b(p).
11
Let r(s) = -11*s**2 + 6*s**2 + 6*s**2 - 6*s + 7. Calculate r(5).
2
Let r = 0 + 2. Suppose -r*p + 16 = -6*p, -z - 15 = 4*p. Let v(w) = 0 - 2*w**3 - 3*w - 6*w**2 + z + w**3. Determine v(-5).
-9
Let o(h) = -h**3 + 10*h**2 + 5*h - 6. Let c(t) = -t**3 + 9*t**2 + 6*t - 6. Let j(w) = -3*c(w) + 2*o(w). Calculate j(8).
6
Let y(p) = -p**2. Let h(v) = 4*v**2 - 5*v. Let o(q) = -h(q) - 3*y(q). Let l be (-18)/(-30) - ((-12)/5 - 2). Give o(l).
0
Let y(a) = a**2 + 2*a - 5. Suppose -3*o + 9 + 0 = -4*v, -4*o - v + 12 = 0. Suppose 0*k = -s - 5*k - 4, 0 = o*s + 4*k + 12. Calculate y(s).
3
Suppose m = -4*m + 5. Let k(o) = -5*o**2 + o. Give k(m).
-4
Let p(s) = s + 3. Suppose 3*m - 10 = -2*m. Suppose 0 = -2*k - m*i - 4, -5*k - 4*i - 18 = -3*i. What is p(k)?
-1
Let m(q) = 2*q**2 - 3. Let i(r) = 2*r**2 + 4*r - 3 - 4*r + r + 1. Let z(d) = -3*i(d) + 2*m(d). Give z(-2).
-2
Let o be (-7)/(-2)*4/7. Let q be 0/(-3 - o/(-1)). Suppose -3*r + 5*y = -6, 3*r - 3*y - 6 = -q. Let d(h) = -h**2 + 2*h - 1. What is d(r)?
-1
Let p(y) be the third derivative of 1/6*y**3 + 1/60*y**5 + 0 - 7*y**2 + 1/15*y**6 - 1/12*y**4 + 0*y. Suppose -4*d - 1 = -5. Calculate p(d).
8
Let t(y) = y**2 - y + 3. Suppose -7 = 4*v + l - 4, 0 = -3*v - l - 3. Calculate t(v).
3
Let o(v) = 4*v**2 - 1. Let f = -13 + 11. Let k be f/(-7) + (-27)/21. Give o(k).
3
Let r(a) = -a**3 - 10*a**2 - 12*a - 24. Let o be r(-9). Let z(m) = -m**3 + 3*m**2 - 3*m - 2. Calculate z(o).
-11
Suppose 0 = 2*d + 3*c - 15, 5*d - 20 = -0*d - 4*c. Let l be 1/2*6 + d. Let f(b) = b**3 - b**2 - 5*b + 2. What is f(l)?
5
Let p(w) = -w**2 + 2*w - 3. Let d = 0 - -2. Let i be p(d). Let l(s) = 17*s - 3 - s**2 - 7*s - 12*s. Calculate l(i).
-6
Suppose -5 - 7 = 4*g. Let l(p) be the first derivative of -p**3/3 - 3*p**2/2 - 4*p + 2. Calculate l(g).
-4
Let s(c) be the third derivative of -c**5/60 + c**4/6 + 2*c**3/3 + 9*c**2. What is s(4)?
4
Let x(f) = f - 12. Let c(j) = -j**3 + 6*j**2 + j - 1. Let d be c(6). What is x(d)?
-7
Let r(g) = 4*g**2 - 4*g + 3. Let v = -59 + 61. Calculate r(v).
11
Let y(p) be the third derivative of p**4/12 - p**3/6 + 4*p**2. Determine y(-2).
-5
Let d(a) be the first derivative of a**5/20 + a**4/6 - 2*a**3/3 - a**2 + a + 3. Let j(b) be the first derivative of d(b). Calculate j(-3).
1
Suppose 0 = r - 2*l + 6, 4*r + l = -0*l + 12. Let k(w) = 10 - w**r - w + 5*w - 3. Determine k(6).
-5
Suppose z = 2*z + 6. Let g(d) = -d**3 - 7*d**2 - 7*d - 5. Calculate g(z).
1
Let u be 3*4/6*-2. Let j(n) = -4*n - 1. Determine j(u).
15
Let k(x) = -x**3 + 4*x**2 + x + 1. Let s be 6*(2 - 8/6). Suppose -2*g - 3*i = -0*g - 8, -s*g - 2*i + 16 = 0. Calculate k(g).
5
Let d(h) = -h**2 - 3 + 3*h - h**3 - 2*h + 0*h**2. Let x(c) = -c**3 + 13*c**2 - 6*c - 7. Let m be x(12). Let o be 2/(-5) + 26/m. What is d(o)?
-3
Let c(b) = -b**2 - 7*b + 3. Let d be c(-7). Suppose 31 = 5*g + 2*r, r = 6 - d. Let z(x) = -g*x - 3*x**2 + 0*x**2 + x**3 + 2*x. Calculate z(4).
4
Let g(u) = u + 8. Let v(r) = -r**3 + 8*r**2 - 6*r - 4. Let y be v(7). Let h(q) = -1 + 1 - 3*q**2 - q**y + 5*q. Let w be h(-4). Determine g(w).
4
Suppose 2*w - 30 + 12 = 0. Let y(r) = -r**3 + 10*r**2 - 8*r - 5. Give y(w).
4
Suppose -4*v - j + 5 + 5 = 0, -5*v - 4*j = -18. Suppose 8*i + 5*c - 35 = 3*i, -v*c = -5*i + 7. Let r(f) = 0*f**2 + 3*f + 0*f - f**2 - i. Determine r(2).
-1
Let n(z) be the third derivative of z**6/120 - z**5/15 + z**3/3 + 10*z**2. Calculate n(4).
2
Let a(b) = -25*b - 6. Let c(n) = 5*n + 1. Let u(j) = -2*a(j) - 11*c(j). What is u(-4)?
21
Let c(t) = t - 2. Let d be c(4). Let y(r) = -r**3 - r**2 - r - 1. Let o(k) = k**3 + 3*k**2 + k + 1. Let b(p) = -o(p) - 2*y(p). Determine b(d).
7
Let r(h) = -h**3 + 8*h**2 - 7*h - 7. Let a be 9/(-6)*(2 + 80/(-12)). What is r(a)?
-7
Let y(r) = -r - 2. Suppose -i + 2*n + 30 = -3*n, 4*i - 35 = 3*n. Suppose -i + 29 = 4*t. What is y(t)?
-8
Let w be (-5)/(10/4) - -3. Let z(i) = -w + 0*i**2 + i**2 + 0. What is z(-1)?
0
Let y be -4 - -4 - 18/(-1 - 2). Let a(h) = h**2 - 3*h + 3. Calculate a(y).
21
Let n(g) be the first derivative of g**4/4 - 5*g**3/3 - 7*g**2/2 + 5*g - 13. What is n(6)?
-1
Let s(j) = j**3 - 2*j**2 + 2*j + 1. Let o(i) = -4*i - 38. Let p be o(-10). Give s(p).
5
Let f = 10 + -15. Let l(a) = -2*a**3 + 5*a**2 - 7*a + 3. Let s(z) = z**3 - 2*z**2 + 3*z - 1. Let m(r) = -6*l(r) - 13*s(r). Calculate m(f).
5
Let c(x) = 3*x**3 + 6*x**2 - 11*x - 9. Let g(l) = l**3 - l. Let s(o) = c(o) - 2*g(o). Give s(-7).
5
Let o(d) = 17*d. Let h(k) = -11*k. Let i(l) = -8*h(l) - 5*o(l). What is i(-5)?
-15
Let r(y) = y**2 - 7*y - 7. Let a(p) = 2*p**2 - 13*p - 14. Let i(b) = -3*a(b) + 5*r(b). Determine i(5).
2
Let t(z) = 5*z**3 - 3 - 9*z + 3*z**2 - 4 - 2*z**3. Let b(q) = 4*q**3 + 5*q**2 - 13*q - 10. Let u = 27 + -22. Let f(l) = u*b(l) - 7*t(l). Determine f(4).
-9
Let l(r) = -r**2 + 6*r - 4. Let z = 48 + -42. Give l(z).
-4
Let d(z) = 22*z - 1. Let g be d(1). Suppose 3*u + 0*u = g. Let x(a) = a + 0*a - u*a. Determine x(1).
-6
Let z(b) be the third derivative of 0*b**4 + 4*b**2 - 1/6*b**3 + 0 + 0*b + 1/12*b**5. Determine z(-1).
4
Let g(u) be the first derivative of u**2 + 2*u + 1. Suppose -29 = -3*k + 6*k + 5*d, 2*d + 11 = -k. Give g(k).
-4
Let s(n) = 5*n**2 + 2*n. Let h(v) = v**2 - v. Let d(x) = h(x) + s(x). Let g(w) = -6*w - 1. Let m be g(-1). Let i = -6 + m. Determine d(i).
5
Suppose 0 = 4*w - 5 - 19. Let a(j) = -j + 1. Let d(f) = -3*f + 6. Let b(x) = a(x) - d(x). Calculate b(w).
7
Let z(x) be the third derivative of -x**5/60 - 3*x**3/2 - 5*x**2. Suppose 4*j = j + 3*i + 9, -3*j + 2*i + 6 = 0. Give z(j).
-9
Let q(j) = j**3 - 12*j**2 + 10*j + 5. Let v = 34 + -23. What is q(v)?
-6
Let q be 2 - (1 - (5 + -1)). Suppose -q*c = -8*c. Let h(b) be the first derivative of -b**3/3 - 3*b - 1. Determine h(c).
-3
Let x(w) be the first derivative of -w**6/120 - w**5/10 - w**3/3 + 2*w**2 - 2. Let f(c) be the second derivative of x(c). Determine f(-6).
-2
Let t(o) = -8*o + 12. Let i be t(2). Let d(b) = b**2 + b - 4. Determine d(i).
8
Let n = -20 - -22. Let g(m) be the first derivative of -2*m - 1/3*m**3 - n + m**2. Give g(2).
-2
Suppose -w = -5*w. Suppose w*i + 9 = -3*i. Let v(a) = -a**3 - 3*a**2 - a - 3. What is v(i)?
0
Let j(w) be the first derivative of -w**3/3 + 9*w**2/2 - 6*w - 27. Calculate j(7).
8
Let z(b) = 8*b. Let s = 22 + -26. Let f be -1 - 1*(-2 + 4). Let i = f - s. Give z(i).
8
Let p(m) = -8*m + 1. Let x(g) = -3*g. Let b(u) = 4*p(u) - 11*x(u). Determine b(-5).
-1
Let p = -31 + 36. Let b(i) = -i**3 + 5*i**2 + 4*i - 4. Determine b(p).
16
Let k(b) be the second derivative of -b**4/6 - b**3/3 - 3*b**2/2 + b. Let w(m) = -m**3 + 5*m**2 - 6*m - 2. Let a be w(3). Calculate k(a).
-7
Let t be (12 - 2)*(-1)/(-2). Suppose -5*s - 26 = -3*o + o, 0 = -t*s. Suppose f + 4*d = o, 4*d - 5*d - 23 = -5*f. Let l(z) = -z**2 + 7*z - 5. What is l(f)?
5
Let f(u) = 0*u + u**2 + 0*u - 21 + 20. Determine f(3).
8
Let u(w) = 1 + 2*w + w - 2*w. Let k be